{"id":78,"date":"2013-04-15T18:37:37","date_gmt":"2013-04-15T18:37:37","guid":{"rendered":"http:\/\/sventejums.lt\/svente_jums\/?page_id=78"},"modified":"2024-03-26T09:53:26","modified_gmt":"2024-03-26T09:53:26","slug":"inventoriaus-nuoma","status":"publish","type":"page","link":"https:\/\/sventejums.lt\/svente_jums\/paslaugos\/inventoriaus-nuoma\/","title":{"rendered":"Inventoriaus nuoma"},"content":{"rendered":"<p><strong>\u0160ven\u010di\u0173 ir rengini\u0173 inventoriaus nuoma<\/strong><\/p>\n<p>Mes galime Jums pasi\u016blyti \u0161io inventoriaus nuomos paslaugas:<\/p>\n<ul>\n<li>\u00a0l\u0117k\u0161t\u0117s, pol\u0117k\u0161t\u0117s, taur\u0117s, \u012frankiai, kavos puodeliai;<\/li>\n<li>\u00a0kavos virimo aparatai, arbatos termosai;<\/li>\n<li>\u00a0marmitai kar\u0161tiems patiekalams;<\/li>\n<li>\u00a0indai g\u0117rimams su kraneliu;<\/li>\n<li>\u00a0cukraus vatos aparatas;<\/li>\n<li>\u00a0stalai, bariniai staliukai, k\u0117d\u0117s;<a href=\"http:\/\/sventejums.lt\/svente_jums\/wp-content\/uploads\/2024\/03\/20220714_162929.jpg\" rel=\"lightbox[78]\"><img loading=\"lazy\" decoding=\"async\" class=\"alignright wp-image-5218 size-thumbnail\" src=\"http:\/\/sventejums.lt\/svente_jums\/wp-content\/uploads\/2024\/03\/20220714_162929-150x150.jpg\" alt=\"\" width=\"150\" height=\"150\" \/><\/a><\/li>\n<li>\u00a0tekstil\u0117s gaminiai;<\/li>\n<li>\u00a0vazos, \u017evakid\u0117s; <a href=\"http:\/\/sventejums.lt\/svente_jums\/wp-content\/uploads\/2024\/03\/IMG-891067c116da833b6adfce1c99b7707a-V-1.jpg\" rel=\"lightbox[78]\"><img loading=\"lazy\" decoding=\"async\" class=\"wp-image-5196 size-thumbnail alignright\" src=\"http:\/\/sventejums.lt\/svente_jums\/wp-content\/uploads\/2024\/03\/IMG-891067c116da833b6adfce1c99b7707a-V-1-150x150.jpg\" alt=\"\" width=\"150\" height=\"150\" \/><\/a><\/li>\n<li>\u00a0kt.<\/li>\n<\/ul>\n<p><a href=\"http:\/\/sventejums.lt\/svente_jums\/inventoriaus-nuoma\/tekstiles-gaminiai\/\"><span style=\"color: #800000;\"><strong>Daugiau:\u00a0Inventoriaus nuoma<\/strong><\/span><\/a><\/p>\n","protected":false},"excerpt":{"rendered":"<p>\u0160ven\u010di\u0173 ir rengini\u0173 inventoriaus nuoma Mes galime Jums pasi\u016blyti \u0161io inventoriaus nuomos paslaugas: \u00a0l\u0117k\u0161t\u0117s, pol\u0117k\u0161t\u0117s, taur\u0117s, \u012frankiai, kavos puodeliai; \u00a0kavos virimo aparatai, arbatos termosai; \u00a0marmitai kar\u0161tiems patiekalams; \u00a0indai g\u0117rimams su kraneliu; \u00a0cukraus vatos aparatas; \u00a0stalai, bariniai staliukai, k\u0117d\u0117s; \u00a0tekstil\u0117s gaminiai; \u00a0vazos, \u017evakid\u0117s; \u00a0kt. Daugiau:\u00a0Inventoriaus nuoma<\/p>\n","protected":false},"author":2,"featured_media":0,"parent":21,"menu_order":4,"comment_status":"open","ping_status":"open","template":"","meta":{"footnotes":""},"aioseo_notices":[],"_links":{"self":[{"href":"https:\/\/sventejums.lt\/svente_jums\/wp-json\/wp\/v2\/pages\/78"}],"collection":[{"href":"https:\/\/sventejums.lt\/svente_jums\/wp-json\/wp\/v2\/pages"}],"about":[{"href":"https:\/\/sventejums.lt\/svente_jums\/wp-json\/wp\/v2\/types\/page"}],"author":[{"embeddable":true,"href":"https:\/\/sventejums.lt\/svente_jums\/wp-json\/wp\/v2\/users\/2"}],"replies":[{"embeddable":true,"href":"https:\/\/sventejums.lt\/svente_jums\/wp-json\/wp\/v2\/comments?post=78"}],"version-history":[{"count":13,"href":"https:\/\/sventejums.lt\/svente_jums\/wp-json\/wp\/v2\/pages\/78\/revisions"}],"predecessor-version":[{"id":5337,"href":"https:\/\/sventejums.lt\/svente_jums\/wp-json\/wp\/v2\/pages\/78\/revisions\/5337"}],"up":[{"embeddable":true,"href":"https:\/\/sventejums.lt\/svente_jums\/wp-json\/wp\/v2\/pages\/21"}],"wp:attachment":[{"href":"https:\/\/sventejums.lt\/svente_jums\/wp-json\/wp\/v2\/media?parent=78"}],"curies":[{"name":"wp","href":"https:\/\/api.w.org\/{rel}","templated":true}]}}