{"id":92,"date":"2013-04-15T18:43:52","date_gmt":"2013-04-15T18:43:52","guid":{"rendered":"http:\/\/sventejums.lt\/svente_jums\/?page_id=92"},"modified":"2024-03-26T09:59:16","modified_gmt":"2024-03-26T09:59:16","slug":"iranga-sventems-lauke","status":"publish","type":"page","link":"http:\/\/sventejums.lt\/svente_jums\/inventoriaus-nuoma\/iranga-sventems-lauke\/","title":{"rendered":"\u012eranga \u0161vent\u0117ms lauke"},"content":{"rendered":"<table style=\"height: 97px;\" width=\"392\">\n<tbody>\n<tr>\n<td width=\"194\">Pavadinimas<\/td>\n<td width=\"81\">Apra\u0161ymas<\/td>\n<td style=\"text-align: center;\" width=\"137\">Nuomos kaina parai, \u20ac<\/td>\n<\/tr>\n<tr>\n<td>Lauko aukuras<a href=\"http:\/\/sventejums.lt\/svente_jums\/wp-content\/uploads\/2013\/04\/CKY_0892.jpg\" rel=\"lightbox[92]\"><img loading=\"lazy\" decoding=\"async\" class=\"aligncenter size-thumbnail wp-image-2627\" src=\"http:\/\/sventejums.lt\/svente_jums\/wp-content\/uploads\/2013\/04\/CKY_0892-150x150.jpg\" alt=\"Aukuras\" width=\"150\" height=\"150\" \/><\/a><\/td>\n<td><\/td>\n<td style=\"text-align: center;\">20,00<\/td>\n<\/tr>\n<\/tbody>\n<\/table>\n<p>Galb\u016bt norite\u00a0<a href=\"mailto:info@sventejums.lt\">paklausti<\/a>\u00a0apie prek\u0119?<\/p>\n<p style=\"text-align: center;\"><strong>BANKETAS i\u0161 vien\u0173 rank\u0173. Atrask.<\/strong><br \/>\nI\u0161ve\u017eamasis maitinimas| Aptarnavimas | Inventorius | Baras | Atlik\u0117jai | DJ | Organizavimas | Dekoras | Sal\u0117s | Ved\u0117jai | Pramogos | \u0160efo furgon\u0117lis<\/p>\n<p><iframe loading=\"lazy\" width=\"500\" height=\"281\" src=\"https:\/\/www.youtube.com\/embed\/EVnH2iVw52Y?feature=oembed\" frameborder=\"0\" allowfullscreen><\/iframe><\/p>\n","protected":false},"excerpt":{"rendered":"<p>Pavadinimas Apra\u0161ymas Nuomos kaina parai, \u20ac Lauko aukuras 20,00 Galb\u016bt norite\u00a0paklausti\u00a0apie prek\u0119? BANKETAS i\u0161 vien\u0173 rank\u0173. Atrask. I\u0161ve\u017eamasis maitinimas| Aptarnavimas | Inventorius | Baras | Atlik\u0117jai | DJ | Organizavimas | Dekoras | Sal\u0117s | Ved\u0117jai | Pramogos | \u0160efo furgon\u0117lis<\/p>\n","protected":false},"author":2,"featured_media":0,"parent":36,"menu_order":7,"comment_status":"open","ping_status":"open","template":"","meta":{"footnotes":""},"aioseo_notices":[],"_links":{"self":[{"href":"http:\/\/sventejums.lt\/svente_jums\/wp-json\/wp\/v2\/pages\/92"}],"collection":[{"href":"http:\/\/sventejums.lt\/svente_jums\/wp-json\/wp\/v2\/pages"}],"about":[{"href":"http:\/\/sventejums.lt\/svente_jums\/wp-json\/wp\/v2\/types\/page"}],"author":[{"embeddable":true,"href":"http:\/\/sventejums.lt\/svente_jums\/wp-json\/wp\/v2\/users\/2"}],"replies":[{"embeddable":true,"href":"http:\/\/sventejums.lt\/svente_jums\/wp-json\/wp\/v2\/comments?post=92"}],"version-history":[{"count":10,"href":"http:\/\/sventejums.lt\/svente_jums\/wp-json\/wp\/v2\/pages\/92\/revisions"}],"predecessor-version":[{"id":5993,"href":"http:\/\/sventejums.lt\/svente_jums\/wp-json\/wp\/v2\/pages\/92\/revisions\/5993"}],"up":[{"embeddable":true,"href":"http:\/\/sventejums.lt\/svente_jums\/wp-json\/wp\/v2\/pages\/36"}],"wp:attachment":[{"href":"http:\/\/sventejums.lt\/svente_jums\/wp-json\/wp\/v2\/media?parent=92"}],"curies":[{"name":"wp","href":"https:\/\/api.w.org\/{rel}","templated":true}]}}