{"id":84,"date":"2013-04-15T18:40:16","date_gmt":"2013-04-15T18:40:16","guid":{"rendered":"http:\/\/sventejums.lt\/svente_jums\/?page_id=84"},"modified":"2025-06-09T08:18:35","modified_gmt":"2025-06-09T08:18:35","slug":"tekstiles-gaminiai","status":"publish","type":"page","link":"http:\/\/sventejums.lt\/svente_jums\/inventoriaus-nuoma\/tekstiles-gaminiai\/","title":{"rendered":"Tekstil\u0117"},"content":{"rendered":"<p><img loading=\"lazy\" decoding=\"async\" class=\"alignnone\" src=\"http:\/\/sventejums.lt\/svente_jums\/wp-content\/uploads\/2024\/03\/D35A6675.jpg\" width=\"510\" height=\"340\" \/><\/p>\n<table style=\"height: 1838px;\" width=\"519\">\n<tbody>\n<tr>\n<td style=\"text-align: center;\" width=\"178\"><strong><span style=\"color: #000080;\">Pavadinimas<\/span><\/strong><\/td>\n<td style=\"text-align: center;\" width=\"141\"><strong><span style=\"color: #000080;\">Matmenys<\/span><\/strong><\/td>\n<td style=\"text-align: center;\" width=\"131\"><strong><span style=\"color: #000080;\">Spalva<\/span><\/strong><\/td>\n<td style=\"text-align: center;\" width=\"88\"><strong><span style=\"color: #000080;\">Nuomos kaina parai, \u20ac<\/span><\/strong><\/td>\n<\/tr>\n<tr>\n<td style=\"text-align: center;\" colspan=\"4\" width=\"538\"><span style=\"color: #000080;\"><b>Tekstil\u0117 apvaliam 1,80 cm \u00f8\u00a0stalui<\/b><\/span><\/td>\n<\/tr>\n<tr>\n<td>\n<p style=\"text-align: center;\">Stalties\u0117 (veli\u016bras)<a href=\"http:\/\/sventejums.lt\/svente_jums\/wp-content\/uploads\/2024\/03\/D35A6680.jpg\" rel=\"lightbox[84]\"><img loading=\"lazy\" decoding=\"async\" class=\"alignnone wp-image-5740 size-thumbnail\" src=\"http:\/\/sventejums.lt\/svente_jums\/wp-content\/uploads\/2024\/03\/D35A6680-e1742913421472-150x150.jpg\" alt=\"\" width=\"150\" height=\"150\" \/><\/a><\/p>\n<p><img loading=\"lazy\" decoding=\"async\" class=\"alignnone size-medium wp-image-7037\" src=\"http:\/\/sventejums.lt\/svente_jums\/wp-content\/uploads\/2025\/03\/D35A6203-1-300x200.jpg\" alt=\"\" width=\"300\" height=\"200\" srcset=\"http:\/\/sventejums.lt\/svente_jums\/wp-content\/uploads\/2025\/03\/D35A6203-1-300x200.jpg 300w, http:\/\/sventejums.lt\/svente_jums\/wp-content\/uploads\/2025\/03\/D35A6203-1-768x512.jpg 768w, http:\/\/sventejums.lt\/svente_jums\/wp-content\/uploads\/2025\/03\/D35A6203-1.jpg 900w\" sizes=\"(max-width: 300px) 100vw, 300px\" \/><\/td>\n<td style=\"text-align: center;\">(iki \u017eem\u0117s)<\/td>\n<td style=\"text-align: center;\" width=\"131\">Sm\u0117lin\u0117<\/td>\n<td style=\"text-align: center;\">20,00<\/td>\n<\/tr>\n<tr>\n<td>\n<p style=\"text-align: center;\">Stalties\u0117 (veli\u016bras)<\/p>\n<p style=\"text-align: center;\"><a href=\"http:\/\/sventejums.lt\/svente_jums\/wp-content\/uploads\/2024\/03\/D35A6707.jpg\" rel=\"lightbox[84]\"><img loading=\"lazy\" decoding=\"async\" class=\"alignnone wp-image-5738 size-thumbnail\" src=\"http:\/\/sventejums.lt\/svente_jums\/wp-content\/uploads\/2024\/03\/D35A6707-e1742913476400-150x150.jpg\" alt=\"\" width=\"150\" height=\"150\" \/><\/a><\/p>\n<p><a href=\"http:\/\/sventejums.lt\/svente_jums\/wp-content\/uploads\/2024\/06\/D35A6570kop.jpg\" rel=\"lightbox[84]\"><img loading=\"lazy\" decoding=\"async\" class=\"alignnone size-medium wp-image-6885\" src=\"http:\/\/sventejums.lt\/svente_jums\/wp-content\/uploads\/2024\/06\/D35A6570kop-300x200.jpg\" alt=\"\" width=\"300\" height=\"200\" srcset=\"http:\/\/sventejums.lt\/svente_jums\/wp-content\/uploads\/2024\/06\/D35A6570kop-300x200.jpg 300w, http:\/\/sventejums.lt\/svente_jums\/wp-content\/uploads\/2024\/06\/D35A6570kop-768x512.jpg 768w, http:\/\/sventejums.lt\/svente_jums\/wp-content\/uploads\/2024\/06\/D35A6570kop.jpg 900w\" sizes=\"(max-width: 300px) 100vw, 300px\" \/><\/a><\/td>\n<td style=\"text-align: center;\">(nesiekianti \u017eem\u0117s)<\/td>\n<td style=\"text-align: center;\" width=\"131\">\u0160okoladin\u0117<\/td>\n<td style=\"text-align: center;\">20,00<\/td>\n<\/tr>\n<tr>\n<td>\n<p style=\"text-align: center;\">Stalties\u0117 (veli\u016bras) <a href=\"http:\/\/sventejums.lt\/svente_jums\/wp-content\/uploads\/2024\/03\/D35A6837.jpg\" rel=\"lightbox[84]\"><img loading=\"lazy\" decoding=\"async\" class=\"alignnone wp-image-5739 size-thumbnail\" src=\"http:\/\/sventejums.lt\/svente_jums\/wp-content\/uploads\/2024\/03\/D35A6837-e1742913538411-150x150.jpg\" alt=\"\" width=\"150\" height=\"150\" \/><\/a><\/p>\n<p><a href=\"http:\/\/sventejums.lt\/svente_jums\/wp-content\/uploads\/2024\/06\/D35A6123kop.jpg\" rel=\"lightbox[84]\"><img loading=\"lazy\" decoding=\"async\" class=\"alignnone wp-image-6886 size-medium\" src=\"http:\/\/sventejums.lt\/svente_jums\/wp-content\/uploads\/2024\/06\/D35A6123kop-e1742913660504-300x171.jpg\" alt=\"\" width=\"300\" height=\"171\" srcset=\"http:\/\/sventejums.lt\/svente_jums\/wp-content\/uploads\/2024\/06\/D35A6123kop-e1742913660504-300x171.jpg 300w, http:\/\/sventejums.lt\/svente_jums\/wp-content\/uploads\/2024\/06\/D35A6123kop-e1742913660504-768x438.jpg 768w, http:\/\/sventejums.lt\/svente_jums\/wp-content\/uploads\/2024\/06\/D35A6123kop-e1742913660504.jpg 900w\" sizes=\"(max-width: 300px) 100vw, 300px\" \/><\/a><\/td>\n<td style=\"text-align: center;\">(nesiekianti \u017eem\u0117s)<\/td>\n<td style=\"text-align: center;\" width=\"131\">Bordo<\/td>\n<td style=\"text-align: center;\">20,00<\/td>\n<\/tr>\n<tr>\n<td>\n<p style=\"text-align: center;\">Stalties\u0117 (veli\u016bras)<\/p>\n<p style=\"text-align: center;\"><a href=\"http:\/\/sventejums.lt\/svente_jums\/wp-content\/uploads\/2024\/03\/D35A6768.jpg\" rel=\"lightbox[84]\"><img loading=\"lazy\" decoding=\"async\" class=\"alignnone wp-image-5742 size-thumbnail\" src=\"http:\/\/sventejums.lt\/svente_jums\/wp-content\/uploads\/2024\/03\/D35A6768-e1742913610154-150x150.jpg\" alt=\"\" width=\"150\" height=\"150\" \/><\/a><\/p>\n<p><a href=\"http:\/\/sventejums.lt\/svente_jums\/wp-content\/uploads\/2024\/06\/D35A6705kop.jpg\" rel=\"lightbox[84]\"><img loading=\"lazy\" decoding=\"async\" class=\"alignnone size-medium wp-image-6887\" src=\"http:\/\/sventejums.lt\/svente_jums\/wp-content\/uploads\/2024\/06\/D35A6705kop-300x200.jpg\" alt=\"\" width=\"300\" height=\"200\" srcset=\"http:\/\/sventejums.lt\/svente_jums\/wp-content\/uploads\/2024\/06\/D35A6705kop-300x200.jpg 300w, http:\/\/sventejums.lt\/svente_jums\/wp-content\/uploads\/2024\/06\/D35A6705kop-768x512.jpg 768w, http:\/\/sventejums.lt\/svente_jums\/wp-content\/uploads\/2024\/06\/D35A6705kop.jpg 900w\" sizes=\"(max-width: 300px) 100vw, 300px\" \/><\/a><\/td>\n<td style=\"text-align: center;\">(nesiekianti \u017eem\u0117s)<\/td>\n<td style=\"text-align: center;\" width=\"131\">Smaragdin\u0117 (\u017ealia)<\/td>\n<td style=\"text-align: center;\">20,00<\/td>\n<\/tr>\n<tr>\n<td>\n<p style=\"text-align: center;\">Stalties\u0117 (veli\u016bras) <a href=\"http:\/\/sventejums.lt\/svente_jums\/wp-content\/uploads\/2024\/03\/D35A6803-1-e1719475679455.jpg\" rel=\"lightbox[84]\"><img loading=\"lazy\" decoding=\"async\" class=\"alignnone wp-image-5745\" src=\"http:\/\/sventejums.lt\/svente_jums\/wp-content\/uploads\/2024\/03\/D35A6803-1-e1719475679455-300x198.jpg\" alt=\"\" width=\"161\" height=\"106\" \/><\/a><\/p>\n<p><a href=\"http:\/\/sventejums.lt\/svente_jums\/wp-content\/uploads\/2024\/03\/D35A6377.jpg\" rel=\"lightbox[84]\"><img loading=\"lazy\" decoding=\"async\" class=\"alignnone wp-image-5101 size-medium\" src=\"http:\/\/sventejums.lt\/svente_jums\/wp-content\/uploads\/2024\/03\/D35A6377-e1742913707443-300x189.jpg\" alt=\"\" width=\"300\" height=\"189\" srcset=\"http:\/\/sventejums.lt\/svente_jums\/wp-content\/uploads\/2024\/03\/D35A6377-e1742913707443-300x189.jpg 300w, http:\/\/sventejums.lt\/svente_jums\/wp-content\/uploads\/2024\/03\/D35A6377-e1742913707443-768x485.jpg 768w, http:\/\/sventejums.lt\/svente_jums\/wp-content\/uploads\/2024\/03\/D35A6377-e1742913707443.jpg 900w\" sizes=\"(max-width: 300px) 100vw, 300px\" \/><\/a><\/td>\n<td style=\"text-align: center;\">(nesiekianti \u017eem\u0117s)<\/td>\n<td style=\"text-align: center;\" width=\"131\">Juoda<\/td>\n<td style=\"text-align: center;\">20,00<\/td>\n<\/tr>\n<tr>\n<td style=\"text-align: center;\" width=\"178\"><\/td>\n<td style=\"text-align: center;\"><\/td>\n<td style=\"text-align: center;\" width=\"131\"><\/td>\n<td style=\"text-align: center;\"><\/td>\n<\/tr>\n<tr>\n<td style=\"text-align: center;\" colspan=\"4\" width=\"538\"><\/td>\n<\/tr>\n<tr>\n<td style=\"text-align: center;\" width=\"178\">Stalties\u0117<a href=\"http:\/\/sventejums.lt\/svente_jums\/wp-content\/uploads\/2025\/03\/T4-1.jpg\" rel=\"lightbox[84]\"><img loading=\"lazy\" decoding=\"async\" class=\"alignnone size-medium wp-image-7055\" src=\"http:\/\/sventejums.lt\/svente_jums\/wp-content\/uploads\/2025\/03\/T4-1-300x225.jpg\" alt=\"\" width=\"300\" height=\"225\" srcset=\"http:\/\/sventejums.lt\/svente_jums\/wp-content\/uploads\/2025\/03\/T4-1-300x225.jpg 300w, http:\/\/sventejums.lt\/svente_jums\/wp-content\/uploads\/2025\/03\/T4-1.jpg 428w\" sizes=\"(max-width: 300px) 100vw, 300px\" \/><\/a><\/td>\n<td style=\"text-align: center;\" width=\"141\">330 cm<\/td>\n<td style=\"text-align: center;\" width=\"131\">Juoda<\/td>\n<td style=\"text-align: center;\" width=\"88\">15,00<\/td>\n<\/tr>\n<tr>\n<td style=\"text-align: center;\">Stalties\u0117 sta\u010diakamp\u0117<a href=\"http:\/\/sventejums.lt\/svente_jums\/wp-content\/uploads\/2025\/03\/staltiese-juoda-1.37x2.74-m.jpg\" rel=\"lightbox[84]\"><img loading=\"lazy\" decoding=\"async\" class=\"alignnone size-medium wp-image-7046\" src=\"http:\/\/sventejums.lt\/svente_jums\/wp-content\/uploads\/2025\/03\/staltiese-juoda-1.37x2.74-m-300x300.jpg\" alt=\"\" width=\"300\" height=\"300\" srcset=\"http:\/\/sventejums.lt\/svente_jums\/wp-content\/uploads\/2025\/03\/staltiese-juoda-1.37x2.74-m-300x300.jpg 300w, http:\/\/sventejums.lt\/svente_jums\/wp-content\/uploads\/2025\/03\/staltiese-juoda-1.37x2.74-m-150x150.jpg 150w, http:\/\/sventejums.lt\/svente_jums\/wp-content\/uploads\/2025\/03\/staltiese-juoda-1.37x2.74-m.jpg 338w\" sizes=\"(max-width: 300px) 100vw, 300px\" \/><\/a><\/td>\n<td style=\"text-align: center;\">1,5&#215;2,5 m<\/td>\n<td style=\"text-align: center;\" width=\"131\">Juoda<\/td>\n<td style=\"text-align: center;\">5,00<\/td>\n<\/tr>\n<tr>\n<td style=\"text-align: center;\"><\/td>\n<td style=\"text-align: center;\"><\/td>\n<td style=\"text-align: center;\" width=\"131\"><\/td>\n<td style=\"text-align: center;\"><\/td>\n<\/tr>\n<tr>\n<td style=\"text-align: center;\"><\/td>\n<td style=\"text-align: center;\"><\/td>\n<td style=\"text-align: center;\" width=\"131\"><\/td>\n<td style=\"text-align: center;\"><\/td>\n<\/tr>\n<tr>\n<td style=\"text-align: center;\" width=\"178\">Servet\u0117l\u0117s med\u017eiagin\u0117s<a href=\"http:\/\/sventejums.lt\/svente_jums\/wp-content\/uploads\/2025\/03\/DSC01612.jpg\" rel=\"lightbox[84]\"><img loading=\"lazy\" decoding=\"async\" class=\"size-medium wp-image-7052 alignleft\" src=\"http:\/\/sventejums.lt\/svente_jums\/wp-content\/uploads\/2025\/03\/DSC01612-300x193.jpg\" alt=\"\" width=\"300\" height=\"193\" srcset=\"http:\/\/sventejums.lt\/svente_jums\/wp-content\/uploads\/2025\/03\/DSC01612-300x193.jpg 300w, http:\/\/sventejums.lt\/svente_jums\/wp-content\/uploads\/2025\/03\/DSC01612-768x494.jpg 768w, http:\/\/sventejums.lt\/svente_jums\/wp-content\/uploads\/2025\/03\/DSC01612.jpg 900w\" sizes=\"(max-width: 300px) 100vw, 300px\" \/><\/a><\/td>\n<td style=\"text-align: center;\">45&#215;45 cm<\/td>\n<td width=\"131\">Balta, juoda, sm\u0117lio<\/td>\n<td style=\"text-align: center;\">1,50<\/td>\n<\/tr>\n<tr>\n<td colspan=\"4\" width=\"538\"><\/td>\n<\/tr>\n<tr>\n<td style=\"text-align: center;\" width=\"178\">Barinio staliuko u\u017evalkalas <a href=\"http:\/\/sventejums.lt\/svente_jums\/wp-content\/uploads\/2025\/03\/21-3-scaled-3.jpg\" rel=\"lightbox[84]\"><img loading=\"lazy\" decoding=\"async\" class=\"alignnone size-medium wp-image-7050\" src=\"http:\/\/sventejums.lt\/svente_jums\/wp-content\/uploads\/2025\/03\/21-3-scaled-3-203x300.jpg\" alt=\"\" width=\"203\" height=\"300\" srcset=\"http:\/\/sventejums.lt\/svente_jums\/wp-content\/uploads\/2025\/03\/21-3-scaled-3-203x300.jpg 203w, http:\/\/sventejums.lt\/svente_jums\/wp-content\/uploads\/2025\/03\/21-3-scaled-3.jpg 675w\" sizes=\"(max-width: 203px) 100vw, 203px\" \/><\/a><\/td>\n<td style=\"text-align: center;\" width=\"141\">Aptempiamas<\/td>\n<td style=\"text-align: center;\" width=\"131\">Juoda<\/td>\n<td style=\"text-align: center;\" width=\"88\">10,00<\/td>\n<\/tr>\n<tr>\n<td style=\"text-align: center;\" width=\"178\">Barinio staliuko u\u017evalkalas <a href=\"http:\/\/sventejums.lt\/svente_jums\/wp-content\/uploads\/2025\/03\/Baro-staliukas-baltas-uzvalkalas-scaled-1.jpg\" rel=\"lightbox[84]\"><img loading=\"lazy\" decoding=\"async\" class=\"alignnone size-medium wp-image-7051\" src=\"http:\/\/sventejums.lt\/svente_jums\/wp-content\/uploads\/2025\/03\/Baro-staliukas-baltas-uzvalkalas-scaled-1-202x300.jpg\" alt=\"\" width=\"202\" height=\"300\" srcset=\"http:\/\/sventejums.lt\/svente_jums\/wp-content\/uploads\/2025\/03\/Baro-staliukas-baltas-uzvalkalas-scaled-1-202x300.jpg 202w, http:\/\/sventejums.lt\/svente_jums\/wp-content\/uploads\/2025\/03\/Baro-staliukas-baltas-uzvalkalas-scaled-1.jpg 673w\" sizes=\"(max-width: 202px) 100vw, 202px\" \/><\/a><\/td>\n<td style=\"text-align: center;\" width=\"141\">Aptempiamas<\/td>\n<td style=\"text-align: center;\" width=\"131\">Balta<\/td>\n<td style=\"text-align: center;\" width=\"88\">10,00<\/td>\n<\/tr>\n<tr>\n<td style=\"text-align: center;\"><\/td>\n<td style=\"text-align: center;\"><\/td>\n<td style=\"text-align: center;\" width=\"131\"><\/td>\n<td style=\"text-align: center;\"><\/td>\n<\/tr>\n<tr>\n<td><\/td>\n<td><\/td>\n<td width=\"131\"><\/td>\n<td><\/td>\n<\/tr>\n<tr>\n<td><\/td>\n<td><\/td>\n<td width=\"131\"><\/td>\n<td><\/td>\n<\/tr>\n<\/tbody>\n<\/table>\n<p>Galb\u016bt norite\u00a0<a href=\"mailto:info@sventejums.lt\">paklausti<\/a>\u00a0apie prek\u0119?<\/p>\n","protected":false},"excerpt":{"rendered":"<p>Pavadinimas Matmenys Spalva Nuomos kaina parai, \u20ac Tekstil\u0117 apvaliam 1,80 cm \u00f8\u00a0stalui Stalties\u0117 (veli\u016bras) (iki \u017eem\u0117s) Sm\u0117lin\u0117 20,00 Stalties\u0117 (veli\u016bras) (nesiekianti \u017eem\u0117s) \u0160okoladin\u0117 20,00 Stalties\u0117 (veli\u016bras) (nesiekianti \u017eem\u0117s) Bordo 20,00 Stalties\u0117 (veli\u016bras) (nesiekianti \u017eem\u0117s) Smaragdin\u0117 (\u017ealia) 20,00 Stalties\u0117 (veli\u016bras) (nesiekianti \u017eem\u0117s) Juoda 20,00 Stalties\u0117 330 cm Juoda 15,00 Stalties\u0117 sta\u010diakamp\u0117 1,5&#215;2,5 m Juoda 5,00 Servet\u0117l\u0117s [&hellip;]<\/p>\n","protected":false},"author":2,"featured_media":0,"parent":36,"menu_order":3,"comment_status":"open","ping_status":"open","template":"","meta":{"footnotes":""},"aioseo_notices":[],"_links":{"self":[{"href":"http:\/\/sventejums.lt\/svente_jums\/wp-json\/wp\/v2\/pages\/84"}],"collection":[{"href":"http:\/\/sventejums.lt\/svente_jums\/wp-json\/wp\/v2\/pages"}],"about":[{"href":"http:\/\/sventejums.lt\/svente_jums\/wp-json\/wp\/v2\/types\/page"}],"author":[{"embeddable":true,"href":"http:\/\/sventejums.lt\/svente_jums\/wp-json\/wp\/v2\/users\/2"}],"replies":[{"embeddable":true,"href":"http:\/\/sventejums.lt\/svente_jums\/wp-json\/wp\/v2\/comments?post=84"}],"version-history":[{"count":51,"href":"http:\/\/sventejums.lt\/svente_jums\/wp-json\/wp\/v2\/pages\/84\/revisions"}],"predecessor-version":[{"id":7491,"href":"http:\/\/sventejums.lt\/svente_jums\/wp-json\/wp\/v2\/pages\/84\/revisions\/7491"}],"up":[{"embeddable":true,"href":"http:\/\/sventejums.lt\/svente_jums\/wp-json\/wp\/v2\/pages\/36"}],"wp:attachment":[{"href":"http:\/\/sventejums.lt\/svente_jums\/wp-json\/wp\/v2\/media?parent=84"}],"curies":[{"name":"wp","href":"https:\/\/api.w.org\/{rel}","templated":true}]}}