{"id":3861,"date":"2020-06-14T17:56:11","date_gmt":"2020-06-14T17:56:11","guid":{"rendered":"http:\/\/sventejums.lt\/svente_jums\/?page_id=3861"},"modified":"2026-03-07T12:34:50","modified_gmt":"2026-03-07T12:34:50","slug":"grill-marinuoti-pusgaminiai","status":"publish","type":"page","link":"http:\/\/sventejums.lt\/svente_jums\/meniu\/grill-marinuoti-pusgaminiai\/","title":{"rendered":"GRILL marinuoti pusgaminiai"},"content":{"rendered":"\n<p>ATSISI\u0172STI MENIU LENTEL\u0118 U\u017dSAKYMO PILDYMUI:<\/p>\n\n\n\n<p>\u010cIA\u00a0<a href=\"https:\/\/docs.google.com\/spreadsheets\/d\/1weUdtx_FKhq2_qOrTV2NSuRUXn0e6kye\/edit?usp=sharing&amp;ouid=102904133989250715514&amp;rtpof=true&amp;sd=true\" target=\"_blank\" rel=\"noopener ugc\" title=\"\">Meniu_ \u012f namus _2026_Klientui<\/a><\/p>\n\n\n<\/p>\n\n\n<p>arba para\u0161ykite mums u\u017eklaus\u0105 <a href=\"mailto:info@sventejums.lt\" target=\"_blank\" rel=\"noopener nofollow sponsored ugc\" title=\"\">info@sventejums.lt<\/a> ir mes atsi\u0173sime jums meniu<\/p>\n\n\n\n<figure class=\"wp-block-table\"><table><tbody><tr><td><\/td><td><strong>PUSGAMINIAI, PARUO\u0160TI KEPIMUI<\/strong><\/td><td><strong>&nbsp;<\/strong><\/td><\/tr><tr><td><strong>Alergenai<\/strong><\/td><td><strong>Pavadinimas<\/strong><\/td><td><strong>Kaina, \u20ac<\/strong><\/td><\/tr><tr><td>&nbsp;<\/td><td><strong>PAUK\u0160TIENA<\/strong><\/td><td><strong>&nbsp;<\/strong><\/td><\/tr><tr><td><em>I<\/em><\/td><td>Vi\u0161tienos \u0161launeli\u0173 kepsneliai pipiriniame apelsin\u0173 marinate, kg<\/td><td>10,00<\/td><\/tr><tr><td><em>I<\/em><\/td><td>Anties kr\u016btin\u0117l\u0117 m\u0117tiniame rozmarin\u0173 marinate (~200 g\/vnt), vnt.<\/td><td>6,00<\/td><\/tr><tr><td><em>F<\/em><\/td><td>Prie pauk\u0161tienos rekomenduojame: rytieti\u0161kas slyv\u0173 pada\u017eas, 100 g<\/td><td>2,00<\/td><\/tr><tr><td><em>&nbsp;<\/em><\/td><td>Prie pauk\u0161tienos rekomenduojame: mang\u0173, ananas\u0173, aitri\u0173j\u0173 paprik\u0173 pada\u017eas, 100 g<\/td><td>2,00<\/td><\/tr><tr><td><em>&nbsp;<\/em><\/td><td><strong>KIAULIENA<\/strong><\/td><td><strong>&nbsp;<\/strong><\/td><\/tr><tr><td><em>AKI<\/em><\/td><td>Kiaulienos sprandin\u0117s kepsneliai chimichurri marinate, kg<\/td><td>10,00<\/td><\/tr><tr><td><em>AK<\/em><\/td><td>Kiaulienos sprandin\u0117s \u0161a\u0161lykas provanso \u017eoleli\u0173 marinate, kg<\/td><td>10,00<\/td><\/tr><tr><td><em>F<\/em><\/td><td>Prie kiaulienos rekomenduojame: burbono <em>BBQ<\/em> pada\u017eas, 100 g<\/td><td>2,00<\/td><\/tr><tr><td><em>I<\/em><\/td><td>Prie kiaulienos rekomenduojame: pomidor\u0173 salsa su svog\u016bnais, \u017ealumynais, 100 g<\/td><td>2,00<\/td><\/tr><tr><td><em>&nbsp;<\/em><\/td><td><strong>JAUTIENA<\/strong><\/td><td><strong>&nbsp;<\/strong><\/td><\/tr><tr><td><em>&nbsp;<\/em><\/td><td>Argentinieti\u0161kos brandintos Angus jautienos antrekoto kepsneliai, kg<\/td><td>55,00<\/td><\/tr><tr><td><em>&nbsp;<\/em><\/td><td>Argentinieti\u0161kos brandintos Angus jautienos i\u0161pjovos steiku\u010diai, kg<\/td><td>55,00<\/td><\/tr><tr><td><em>G<\/em><\/td><td>Prie jautienos rekomenduojame: aromatinis sviestukas su \u017ealumynais, 100g<\/td><td>2,00<\/td><\/tr><tr><td><em>&nbsp;<\/em><\/td><td>Prie jautienos rekomenduojame: juod\u0173j\u0173 serbent\u0173 &#8211; svog\u016bn\u0173 &#8211; madeiros vyno&nbsp; pada\u017eas, 100 g<\/td><td>2,00<\/td><\/tr><tr><td><em>&nbsp;<\/em><\/td><td><strong>\u017dUVIS ir J\u016aROS G\u0116RYB\u0116S<\/strong><\/td><td><strong>&nbsp;<\/strong><\/td><\/tr><tr><td><em>DKL<\/em><\/td><td>Sviesta\u017euv\u0117s kepsneliai rytieti\u0161kame Tom Kha marinate, kg<\/td><td>25,00<\/td><\/tr><tr><td><em>DK<\/em><\/td><td>La\u0161i\u0161\u0173 kepsneliai \u010dili mang\u0173 marinate, kg<\/td><td>25,00<\/td><\/tr><tr><td><em>DK<\/em><\/td><td>Vilke\u0161eris (visa \u017euvis) \u017eoleli\u0173 marinate (~400 g\/vnt), vnt.<\/td><td>10,00<\/td><\/tr><tr><td><em>B<\/em><\/td><td>Tigrini\u0173 kreve\u010di\u0173 ie\u0161melis su ananasais \u010dili &#8211;&nbsp; mang\u0173 marinate,&nbsp; kg<\/td><td>30,00<\/td><\/tr><tr><td><em>&nbsp;<\/em><\/td><td>Prie \u017euvies rekomenduojame: citrininis \u017eoleli\u0173 ir alyvuogi\u0173 aliejaus pagardas, 100 g<\/td><td>2,00<\/td><\/tr><tr><td><em>&nbsp;<\/em><\/td><td>Prie \u017euvies rekomenduojame: pomidor\u0173 &#8211; svog\u016bn\u0173 lai\u0161k\u0173 &#8211; mang\u0173 salsa, 100 g<\/td><td>2,00<\/td><\/tr><tr><td><em>&nbsp;<\/em><\/td><td><strong>DAR\u017dOV\u0116S<\/strong><\/td><td><strong>&nbsp;<\/strong><\/td><\/tr><tr><td>CK<\/td><td>Dar\u017eovi\u0173 ie\u0161meliai: pievagrybiai, cukinijos, paprikos, bakla\u017eanai (~100 g\/vnt.), kg<\/td><td>15,00<\/td><\/tr><tr><td>&nbsp;<\/td><td>\u0160paragai alyv\u0173 aliejaus marinate (sezono metu), kg<\/td><td>&nbsp;<\/td><\/tr><tr><td>&nbsp;<\/td><td>Kukur\u016bz\u0173 burbuol\u0117s \u010desnakiniame marinate ( ~200 g\/vnt.), vnt.<\/td><td>4,00<\/td><\/tr><tr><td>G<\/td><td>Prie kukur\u016bz\u0173 burbuoli\u0173 rekomenduojame: aromatinis sviestukas su \u017ealumynais, 100 g<\/td><td>2,00<\/td><\/tr><tr><td>G<\/td><td>Prie dar\u017eovi\u0173 rekomenduojame: gorgonzolos s\u016brio pada\u017eas, 100 g<\/td><td>2,00<\/td><\/tr><tr><td>&nbsp;<\/td><td><strong>S\u016aRIAI<\/strong><\/td><td>&nbsp;<\/td><\/tr><tr><td>G<\/td><td>Buivol\u0117s pieno Kamambert s\u016bris su \u017ealumynais, Parmos kumpio mar\u0161kin\u0117liuose,&nbsp; (~400g\/vnt.), vnt.<\/td><td>20,00<\/td><\/tr><tr><td>G<\/td><td>Halumio s\u016brio v\u0117rinukas su paprikomis \u017ealumyn\u0173 marinate (~120 g\/vnt.), kg<\/td><td>20,00<\/td><\/tr><tr><td>&nbsp;<\/td><td>Prie s\u016bri\u0173 rekomenduojame: fig\u0173 d\u017eemas, 100 g<\/td><td>2,00<\/td><\/tr><\/tbody><\/table><\/figure>\n","protected":false},"excerpt":{"rendered":"<p>ATSISI\u0172STI MENIU LENTEL\u0118 U\u017dSAKYMO PILDYMUI: \u010cIA\u00a0Meniu_ \u012f namus _2026_Klientui arba para\u0161ykite mums u\u017eklaus\u0105 info@sventejums.lt ir mes atsi\u0173sime jums meniu PUSGAMINIAI, PARUO\u0160TI KEPIMUI &nbsp; Alergenai Pavadinimas Kaina, \u20ac &nbsp; PAUK\u0160TIENA &nbsp; I Vi\u0161tienos \u0161launeli\u0173 kepsneliai pipiriniame apelsin\u0173 marinate, kg 10,00 I Anties kr\u016btin\u0117l\u0117 m\u0117tiniame rozmarin\u0173 marinate (~200 g\/vnt), vnt. 6,00 F Prie pauk\u0161tienos rekomenduojame: rytieti\u0161kas slyv\u0173 [&hellip;]<\/p>\n","protected":false},"author":2,"featured_media":0,"parent":3283,"menu_order":7,"comment_status":"closed","ping_status":"closed","template":"","meta":{"footnotes":""},"aioseo_notices":[],"_links":{"self":[{"href":"http:\/\/sventejums.lt\/svente_jums\/wp-json\/wp\/v2\/pages\/3861"}],"collection":[{"href":"http:\/\/sventejums.lt\/svente_jums\/wp-json\/wp\/v2\/pages"}],"about":[{"href":"http:\/\/sventejums.lt\/svente_jums\/wp-json\/wp\/v2\/types\/page"}],"author":[{"embeddable":true,"href":"http:\/\/sventejums.lt\/svente_jums\/wp-json\/wp\/v2\/users\/2"}],"replies":[{"embeddable":true,"href":"http:\/\/sventejums.lt\/svente_jums\/wp-json\/wp\/v2\/comments?post=3861"}],"version-history":[{"count":23,"href":"http:\/\/sventejums.lt\/svente_jums\/wp-json\/wp\/v2\/pages\/3861\/revisions"}],"predecessor-version":[{"id":7680,"href":"http:\/\/sventejums.lt\/svente_jums\/wp-json\/wp\/v2\/pages\/3861\/revisions\/7680"}],"up":[{"embeddable":true,"href":"http:\/\/sventejums.lt\/svente_jums\/wp-json\/wp\/v2\/pages\/3283"}],"wp:attachment":[{"href":"http:\/\/sventejums.lt\/svente_jums\/wp-json\/wp\/v2\/media?parent=3861"}],"curies":[{"name":"wp","href":"https:\/\/api.w.org\/{rel}","templated":true}]}}