{"id":1057,"date":"2013-09-25T04:22:44","date_gmt":"2013-09-25T04:22:44","guid":{"rendered":"http:\/\/sventejums.lt\/svente_jums\/?page_id=1057"},"modified":"2014-04-23T16:48:31","modified_gmt":"2014-04-23T16:48:31","slug":"artimiausi-koncertai-alytuje","status":"publish","type":"page","link":"http:\/\/sventejums.lt\/svente_jums\/artimiausi-koncertai-alytuje\/","title":{"rendered":"Artimiausi koncertai Alytuje"},"content":{"rendered":"<p style=\"text-align: left;\" align=\"center\"><strong>Artimiausi koncertai<\/strong><\/p>\n<p><b>Rengini\u0173 ir pob\u016bvi\u0173 svetain\u0117 \u0160VENT\u0116 JUMS<a href=\"http:\/\/sventejums.lt\/svente_jums\/wp-content\/uploads\/2013\/04\/Baneris_SventeJums_Sausio-vasario-kovo2.jpg\" rel=\"lightbox[1215]\"><img loading=\"lazy\" decoding=\"async\" class=\"alignright\" alt=\"Koncertai ir \u0161oki\u0173 vakarai Alytuje 2014\" src=\"http:\/\/sventejums.lt\/svente_jums\/wp-content\/uploads\/2013\/04\/Baneris_SventeJums_Sausio-vasario-kovo2-150x150.jpg\" width=\"150\" height=\"150\" \/><\/a><\/b><br \/>\nRotu\u0161\u0117s a. 2, (Alytaus teatras)<b><\/b><\/p>\n<p><span style=\"color: #993300;\">Sausio, vasario, kovo<\/span><br \/>\n<span style=\"color: #993300;\"> <strong>KONCERTAI IR \u0160OKI\u0172 VAKARAI<\/strong><\/span><\/p>\n<p align=\"center\">Sausio 31 d. (penktadienis) 20:30 val.<\/p>\n<p><a href=\"http:\/\/sventejums.lt\/svente_jums\/wp-content\/uploads\/2013\/07\/Rondo.jpg\" rel=\"lightbox[1215]\"><img loading=\"lazy\" decoding=\"async\" class=\"alignright\" alt=\"Rondo koncertas\" src=\"http:\/\/sventejums.lt\/svente_jums\/wp-content\/uploads\/2013\/07\/Rondo-150x150.jpg\" width=\"150\" height=\"150\" \/><\/a><\/p>\n<h3 align=\"center\"><b>Grup\u0117s RONDO koncertas<\/b><\/h3>\n<p align=\"center\"><b>Remigijus Venslova<\/b>\u00a0\u2013 klavi\u0161iniai, vokalas;<br \/>\n<b>Sergejus Persijanovas<\/b>\u00a0\u2013 gitara, vokalas;<br \/>\n<b>Robertas Mankus<\/b>\u00a0\u2013 mu\u0161amieji;<br \/>\n<b>Aleksandras Ivanauskas<\/b>\u00a0\u2013 boso gitara, vokalas.<\/p>\n<p align=\"center\"><a href=\"http:\/\/sventejums.lt\/svente_jums\/koncertu-sale\/lapkricio-08-d-grupes-rondo-koncertas\/\">Pla\u010diau\u2026<\/a><\/p>\n<p align=\"center\">Vasario 14 d. (penktadienis) 20:30 val.<b><\/b><\/p>\n<h3 align=\"center\"><b>Ram\u016bno Difarto ir Gyvo Garso Klubo koncertas\u00a0<a href=\"http:\/\/sventejums.lt\/svente_jums\/wp-content\/uploads\/2013\/09\/Difartas-gyvo.jpg\" rel=\"lightbox[1215]\"><img loading=\"lazy\" decoding=\"async\" class=\"alignright\" alt=\"Ram\u016bno Difarto ir Gyvo Garso Klubo koncertas\" src=\"http:\/\/sventejums.lt\/svente_jums\/wp-content\/uploads\/2013\/09\/Difartas-gyvo-150x150.jpg\" width=\"150\" height=\"150\" \/><\/a><\/b><\/h3>\n<p align=\"center\"><b>Ram\u016bnas Difartas<\/b>\u00a0\u2013 vokalas, gitara;<br \/>\n<b>Au\u0161ra Sutkauskait\u0117<\/b>\u00a0\u2013 pritariantysis vokalas;<br \/>\n<b>Raimondas Dauginas<i>\u00a0<\/i><\/b>\u2013 klavi\u0161iniai;<br \/>\n<b>Edvinas Dargis<\/b>\u00a0\u2013 bosin\u0117 gitara;<br \/>\n<b>\u0104\u017euolas Paulauskas<\/b>\u00a0\u2013 mu\u0161amieji.<\/p>\n<p align=\"center\"><a href=\"http:\/\/sventejums.lt\/svente_jums\/koncertu-sale\/vasario-14-d-ramuno-difarto-ir-gyvo-garso-klubo-koncertas\/\">Pla\u010diau\u2026<\/a><\/p>\n<p align=\"center\">Vasario 28 d. (penktadienis) 20:30 val.<\/p>\n<h3 align=\"center\"><b>\u010ceslovas Gabalis ir grup\u0117 PELENAI\u00a0<\/b><\/h3>\n<h3 align=\"center\"><b>\u00a0 \u00a0 \u00a0 \u00a0 \u00a0 \u00a0 \u00a0 \u00a0 \u00a0 su programa\u00a0\u201eUgnies ratu\u201c<a href=\"http:\/\/sventejums.lt\/svente_jums\/wp-content\/uploads\/2013\/09\/Pelenai-1.jpg\" rel=\"lightbox[1215]\"><img loading=\"lazy\" decoding=\"async\" class=\"alignright\" alt=\"Pelenai \" src=\"http:\/\/sventejums.lt\/svente_jums\/wp-content\/uploads\/2013\/09\/Pelenai-1-150x150.jpg\" width=\"150\" height=\"150\" \/><\/a><\/b><\/h3>\n<p align=\"center\"><b>\u010ceslovas Gabalis<\/b>\u00a0\u2013 vokalas;<br \/>\n<b>\u017daneta Taurinskien\u0117<\/b>\u00a0\u2013 pritariantysis vokalas;<br \/>\n<b>Gintas Banys<\/b>\u00a0\u2013 bosin\u0117 gitara, muzikos ir tekst\u0173 autorius;<br \/>\n<b>Audrius Piragis<\/b>\u00a0\u2013 gitara;<br \/>\n<b>Saulius Did\u017eiulis<\/b>\u00a0\u2013 klavi\u0161iniai;<br \/>\n<b>Vaidas Taurinskas<\/b>\u00a0\u2013 mu\u0161amieji.<\/p>\n<p align=\"center\"><a href=\"http:\/\/sventejums.lt\/svente_jums\/koncertu-sale\/ceslovas-gabalis-ir-grupe-pelenai\/\">Pla\u010diau\u2026<\/a><\/p>\n<p align=\"center\">Kovo 21 d. (penktadienis) 20:30 val.<\/p>\n<h3><b>R\u016bta \u0160\u010diogolevait\u0117 ir grup\u0117<\/b><\/h3>\n<h3><b>\u00a0 \u00a0 \u00a0 \u00a0 \u00a0 \u00a0 \u00a0 \u00a0 \u00a0su Tina Turner programa<a href=\"http:\/\/sventejums.lt\/svente_jums\/wp-content\/uploads\/2014\/01\/Ruta-su-grupe.jpg\" rel=\"lightbox[1215]\"><img loading=\"lazy\" decoding=\"async\" class=\"alignright\" alt=\"R\u016bta \u0160\u010diogolevait\u0117 ir Pauliaus Zdanavi\u010diaus grup\u0117\" src=\"http:\/\/sventejums.lt\/svente_jums\/wp-content\/uploads\/2014\/01\/Ruta-su-grupe-150x150.jpg\" width=\"150\" height=\"150\" \/><\/a><\/b><\/h3>\n<p align=\"center\"><b>\u00a0<\/b><b>R\u016bta \u0160\u010diogolevait\u0117\u00a0<\/b>\u2013 vokalas;<\/p>\n<p align=\"center\"><b>Pauliaus\u00a0Zdanavi\u010diaus grup\u0117<\/b><\/p>\n<p align=\"center\"><b>Paulius Zdanavi\u010dius<\/b>\u00a0\u2013 klavi\u0161iniai;<br \/>\n<b>Tomas Varnagiris<\/b>\u00a0\u2013 gitara;<br \/>\n<b>Tomas Maslauskas<\/b>\u00a0\u2013 bosin\u0117 gitara;<br \/>\n<b>Martynas Luko\u0161evi\u010dius<\/b>\u00a0\u2013 mu\u0161amieji.<\/p>\n<p style=\"text-align: center;\"><a href=\"http:\/\/sventejums.lt\/svente_jums\/koncertu-sale\/kovo-21-d-ruta-sciogolevaite-ir-grupe\/\">Pla\u010diau\u2026\u00a0<\/a><\/p>\n<p align=\"center\"><b>Rengini\u0173 ir pob\u016bvi\u0173 svetain\u0117 \u0160VENT\u0116 JUMS<\/b><br \/>\nStaliuk\u0173, viet\u0173 rezervacija tel: \u00a08652 75292<br \/>\ninfo@sventejums.lt<br \/>\nRotu\u0161\u0117s aik\u0161t\u0117 2, (Alytaus teatras)<br \/>\n<a href=\"http:\/\/www.sventejums.lt\/\"><b>www.SventeJums.lt<\/b><\/a><\/p>\n<p align=\"center\">\n","protected":false},"excerpt":{"rendered":"<p>Artimiausi koncertai Rengini\u0173 ir pob\u016bvi\u0173 svetain\u0117 \u0160VENT\u0116 JUMS Rotu\u0161\u0117s a. 2, (Alytaus teatras) Sausio, vasario, kovo KONCERTAI IR \u0160OKI\u0172 VAKARAI Sausio 31 d. (penktadienis) 20:30 val. Grup\u0117s RONDO koncertas Remigijus Venslova\u00a0\u2013 klavi\u0161iniai, vokalas; Sergejus Persijanovas\u00a0\u2013 gitara, vokalas; Robertas Mankus\u00a0\u2013 mu\u0161amieji; Aleksandras Ivanauskas\u00a0\u2013 boso gitara, vokalas. Pla\u010diau\u2026 Vasario 14 d. (penktadienis) 20:30 val. Ram\u016bno Difarto ir [&hellip;]<\/p>\n","protected":false},"author":2,"featured_media":0,"parent":0,"menu_order":6,"comment_status":"open","ping_status":"open","template":"","meta":{"footnotes":""},"aioseo_notices":[],"_links":{"self":[{"href":"http:\/\/sventejums.lt\/svente_jums\/wp-json\/wp\/v2\/pages\/1057"}],"collection":[{"href":"http:\/\/sventejums.lt\/svente_jums\/wp-json\/wp\/v2\/pages"}],"about":[{"href":"http:\/\/sventejums.lt\/svente_jums\/wp-json\/wp\/v2\/types\/page"}],"author":[{"embeddable":true,"href":"http:\/\/sventejums.lt\/svente_jums\/wp-json\/wp\/v2\/users\/2"}],"replies":[{"embeddable":true,"href":"http:\/\/sventejums.lt\/svente_jums\/wp-json\/wp\/v2\/comments?post=1057"}],"version-history":[{"count":27,"href":"http:\/\/sventejums.lt\/svente_jums\/wp-json\/wp\/v2\/pages\/1057\/revisions"}],"predecessor-version":[{"id":1484,"href":"http:\/\/sventejums.lt\/svente_jums\/wp-json\/wp\/v2\/pages\/1057\/revisions\/1484"}],"wp:attachment":[{"href":"http:\/\/sventejums.lt\/svente_jums\/wp-json\/wp\/v2\/media?parent=1057"}],"curies":[{"name":"wp","href":"https:\/\/api.w.org\/{rel}","templated":true}]}}